{"id":1191,"date":"2020-05-06T19:17:22","date_gmt":"2020-05-06T22:17:22","guid":{"rendered":"https:\/\/ifdlaclotilde-cha.infd.edu.ar\/sitio\/?page_id=1191"},"modified":"2020-05-06T19:19:12","modified_gmt":"2020-05-06T22:19:12","slug":"profesorado-de-educacion-superior-en-educacion-especial-con-orientacion-en-sordos-e-hipoacusicos","status":"publish","type":"page","link":"https:\/\/ifdlaclotilde-cha.infd.edu.ar\/sitio\/profesorado-de-educacion-superior-en-educacion-especial-con-orientacion-en-sordos-e-hipoacusicos\/","title":{"rendered":"PROFESORADO DE EDUCACI\u00d3N SUPERIOR EN EDUCACI\u00d3N ESPECIAL CON  ORIENTACI\u00d3N EN SORDOS E HIPOAC\u00daSICOS"},"content":{"rendered":"<p><a href=\"https:\/\/ifdlaclotilde-cha.infd.edu.ar\/aula\/catalogo.cgi?wAccion=main_view&amp;embed=0&amp;id_empresa=&amp;filter_categoria=8\">2\u00ba y 3 \u00ba a\u00f1o<\/a><\/p>\n","protected":false},"excerpt":{"rendered":"<p>2\u00ba y 3 \u00ba a\u00f1o<\/p>\n","protected":false},"author":8,"featured_media":0,"parent":0,"menu_order":0,"comment_status":"closed","ping_status":"closed","template":"","meta":[],"acf":[],"_links":{"self":[{"href":"https:\/\/ifdlaclotilde-cha.infd.edu.ar\/sitio\/wp-json\/wp\/v2\/pages\/1191"}],"collection":[{"href":"https:\/\/ifdlaclotilde-cha.infd.edu.ar\/sitio\/wp-json\/wp\/v2\/pages"}],"about":[{"href":"https:\/\/ifdlaclotilde-cha.infd.edu.ar\/sitio\/wp-json\/wp\/v2\/types\/page"}],"author":[{"embeddable":true,"href":"https:\/\/ifdlaclotilde-cha.infd.edu.ar\/sitio\/wp-json\/wp\/v2\/users\/8"}],"replies":[{"embeddable":true,"href":"https:\/\/ifdlaclotilde-cha.infd.edu.ar\/sitio\/wp-json\/wp\/v2\/comments?post=1191"}],"version-history":[{"count":3,"href":"https:\/\/ifdlaclotilde-cha.infd.edu.ar\/sitio\/wp-json\/wp\/v2\/pages\/1191\/revisions"}],"predecessor-version":[{"id":1193,"href":"https:\/\/ifdlaclotilde-cha.infd.edu.ar\/sitio\/wp-json\/wp\/v2\/pages\/1191\/revisions\/1193"}],"wp:attachment":[{"href":"https:\/\/ifdlaclotilde-cha.infd.edu.ar\/sitio\/wp-json\/wp\/v2\/media?parent=1191"}],"curies":[{"name":"wp","href":"https:\/\/api.w.org\/{rel}","templated":true}]}}